 2 - 68. Let s be (k/44)/((-6)/(-8) + 0). What is l(s)?
-3
Let s(c) = 4*c**2 - 2*c - 1. Let b(r) = 5*r**2 - r. Let f = -106 + 111. Let j(v) = f*b(v) - 6*s(v). What is j(-5)?
-4
Suppose 9*p - 559 = 107. Let m(t) = 3*t - 2*t**2 + 6*t**2 + p - 72. Let q = -4 + 2. Give m(q).
12
Let m(d) = 3*d**2 - 4. Let s(k) = -2*k**3 + 2*k**2 + 3*k - 1. Let f be s(2). Determine m(f).
23
Let d(v) = -7*v**3 + 5*v**2 - v - 1. Let i(t) = 15*t**3 - 11*t**2 + 2*t. Let g(p) = -13*d(p) - 6*i(p). Give g(0).
13
Let c be (5/(-10)*-12)/1. Suppose 22*b - 19*b - c = 0. Let s(j) = j - 2. Calculate s(b).
0
Suppose -2*w - 6 = -2*r, -9*r = -5*r + 2*w - 18. Let b(d) = 4*d - 6*d**2 - 4 + d + 0 + d**3. Determine b(r).
-16
Let n(a) = -126*a + 757. Let s be n(6). Let b(p) = -11*p**2 + p - 1. What is b(s)?
-11
Let b(x) = x**3 - x**2 - 2*x - 2. Let j be b(0). Suppose -2*n = n + 75. Let f(v) = 5*v - 2. Let u(z) = -60*z + 25. Let y(w) = j*u(w) + n*f(w). Give y(1).
-5
Let u(h) be the second derivative of h**4/12 - 7*h**3/6 - 5*h**2 + 14*h + 2. Give u(10).
20
Let q(v) be the first derivative of -5*v**2 - 12*v + 19 - 1/3*v**3. Determine q(-8).
4
Let q(u) = u**3 + u**2 - 4*u. Let i(k) = -k - 6. Let n be i(-8). Suppose 8 = 4*r + 6*m - n*m, -5*m = 2*r + 8. Suppose j - r = 3*j. Calculate q(j).
-6
Let u(f) = f + 5. Let k = -5 - -15. Let p = k - 14. What is u(p)?
1
Let g(t) = t**3 + 4*t**2 + 3*t - 2. Let p = -161 + 117. Let s = -47 - p. Calculate g(s).
-2
Let m(c) = -c**3 - 12*c**2 + 20*c - 7. Let u(t) = t**3 + 12*t**2 - 24*t + 6. Let w(f) = -6*m(f) - 5*u(f). What is w(-12)?
12
Let v(r) = -r + 20. Let x(z) = -3*z + 41. Let p(k) = 5*v(k) - 2*x(k). Calculate p(-15).
3
Let x(b) = -6*b - 17*b**3 + 10 + 2*b**3 - 2*b - 10*b**2 + 14*b**3. What is x(-9)?
1
Let r(v) be the third derivative of -v**6/120 + v**5/15 - 5*v**3/6 + 6*v**2 + 4. Determine r(3).
4
Let n(b) = -b**3 + 4*b**2 + 60*b - 3. Let u be n(10). Let p(m) = -m**2 - m - 7. Give p(u).
-13
Let g be (-14)/(-6) + (-1)/3. Let t(m) = 57*m**2 - 99*m**2 + 44*m**2 + 3 - 2*m - 1. Give t(g).
6
Let z(u) = -u**3 - u + 13. Suppose 10*f = 9*f. Give z(f).
13
Let p = -42 + 45. Let t(o) = 72 - 4*o**2 + o**p - 72. Determine t(4).
0
Let p(w) be the third derivative of -w**6/120 + 2*w**5/15 - 7*w**4/24 + w**3 + 5*w**2. Suppose -5*v = 3*r + 5 - 16, 0 = 4*r - 5*v - 38. Give p(r).
6
Let f(k) be the second derivative of -k**5/20 - 2*k**4/3 - k**3/3 - 5*k**2 - k. Suppose -95 - 41 = 17*z. What is f(z)?
6
Suppose 2*j - 24 = 5*z, 3*z + 0*z + 2*j = -8. Let a(c) = -c**2 - 5*c - 2. What is a(z)?
2
Let r(q) = -q**3 - 3*q**2 - 1. Let o be r(-3). Let y(i) = -26*i. Let k(w) = -w. Let a(t) = 143*k(t) - 6*y(t). Calculate a(o).
-13
Let b(d) = d**2 - d + 5. Suppose 5*t - 4 = a, 2*t + 2*t - 7 = -3*a. Let c = a - -4. Suppose 0 = -c*y + 15, 7*u - 4*y = 2*u - 12. Calculate b(u).
5
Let s(o) be the second derivative of o**4/12 + 3*o**3/2 + 11*o**2/2 + 102*o. Calculate s(-9).
11
Let x(t) = t**2 + 13*t + 16. Suppose -256*p = -282*p - 312. Determine x(p).
4
Let p(z) = 13*z - 5. Let a(t) = 5*t - 2. Let k(f) = 8*a(f) - 3*p(f). Suppose -4*r = r - 25. Calculate k(r).
4
Let a(z) = -z**3 - 6*z**2 + 3*z + 7. Let f be (3 - (-4 + 12 + -4))*5. Give a(f).
-33
Let r = -101 - -106. Let n(w) be the first derivative of w**4/24 + w**3/2 + w**2 + 1. Let c(p) be the second derivative of n(p). Calculate c(r).
8
Let i(k) = k**2 + 6*k - 7. Suppose -4*z - 131 = -2*m + 51, 0 = m + 1. Let q = -51 - z. Give i(q).
-12
Let v(f) = -5*f + 7. Suppose 10*z = o + 8*z + 6, -2*o = -2*z + 2. Give v(o).
-13
Let x(a) = a - 13. Let p be ((-11)/4 - -4)*4. Suppose -28 = -4*o - 4*i, 18 = 2*o + i + p. Give x(o).
-7
Let p = 1014 - 2021/2. Let y(k) be the first derivative of p*k**2 + 2/3*k**3 + 5*k - 3. Determine y(-4).
9
Let w(m) = 3*m + 1. Let j(c) = 4*c + 2. Let i(g) = -6*j(g) + 7*w(g). Let s be (-1)/(-1) + -2 - 1. Let z(n) = 3*n + 2. Let r be z(s). Determine i(r).
7
Let a be 4 - (-1 + (4 - 69)). Let y = a + -79. Let m(h) = h**3 + 10*h**2 + 9*h - 6. What is m(y)?
-6
Let l(v) be the third derivative of v**7/5040 + v**6/180 + v**5/20 + 13*v**2. Let y(h) be the third derivative of l(h). Give y(-4).
0
Suppose -5*o - 2*t = -135, -o - 4*t - t = -27. Suppose 5*i - j = j + o, 0 = 2*i - 3*j - 13. Let d(y) = -y + 4. Calculate d(i).
-1
Let g(j) = j**2 - 3*j + 3. Suppose 4*n = -f + 7 + 5, 0 = 2*n + 3*f + 4. Let d be (1 - -2 - n)*-5. Determine g(d).
13
Let t(b) be the first derivative of 17*b**2/2 - 202. What is t(-1)?
-17
Let v(t) = -t**2 + 7*t - 4. Let o = 32 - 17. Let a = o + -9. Determine v(a).
2
Let u(b) = -b - 4. Let k(x) = 8*x**3 - x**2. Let v be k(2). Let q = -66 + v. Calculate u(q).
2
Let z(c) = -c**2 - 15*c - 19. Let v = 1913 + -1926. Calculate z(v).
7
Let l(u) = -15*u**3 - 2*u**2 + 3*u - 4. Let g(h) = 0 - 4 + 4*h - 3*h**2 - 1 - 14*h**3. Let o(c) = -3*g(c) + 4*l(c). Give o(-1).
18
Suppose -2*g = 6, -4*g = -5*m - 2 + 44. Let q = -7 + m. Let p(b) = b + 1. Let v(w) = 3*w + 2. Let k(u) = 2*p(u) - v(u). Determine k(q).
1
Let v(k) = -k**2 - k - 1. Suppose -4 = 5*n - 24. Suppose 0 = 4*t - 31 - 21. Suppose n*c + 16 = 5*a, -t = 3*a + 5*c + 7. Determine v(a).
-1
Let m be ((-3)/4)/((-7)/28). Let c(j) = 18 - 4 + m*j + 0 - 3. Give c(-8).
-13
Let c be 140/(-3)*24/(-16). Let m = c + -59. Let v(u) = u**3 - 10*u**2 - 12*u + 11. Calculate v(m).
0
Let c be 273/56 - (-1)/8. Let r(o) = o**3 - 4*o**2 - 3*o - 7. Determine r(c).
3
Let v(k) = k - 1. Suppose 6*x = -2 + 8. Let t(p) = -34. Let c(l) = x*t(l) - 2*v(l). Let y be c(-14). Let q(n) = n**2 + 4*n + 2. Calculate q(y).
2
Let q(o) = 22*o + 5 - 7 - 25*o. Let i(l) = l**2 - 6*l - 2. Let b be i(7). Determine q(b).
-17
Let l(c) = c**3 - 6*c**2 + 4*c + 5. Suppose -2*k - 3*j = 5, 0 = 13*k - 16*k + 3*j + 30. Calculate l(k).
0
Let j(h) be the first derivative of -1 - 3/2*h**2 + 1/3*h**3 + 2*h. Give j(4).
6
Let i(u) be the first derivative of -60 + 2*u + 1/2*u**2. Give i(3).
5
Let x = -16 + 27. Let h(n) = -n**2 - 4*n - 2. Suppose -3*s - 2*s - 15 = 0, -s = 2*z + 15. Let a(v) = -2*v**2 - 7*v - 3. Let c(m) = x*h(m) + z*a(m). Give c(4).
4
Suppose n - 19 = 2*o - 4*n, -5*n = 2*o - 11. Let a(d) be the first derivative of 2 + 1/2*d**4 + 3/2*d**2 + 2*d + d**3. Give a(o).
-8
Let x(n) = 10*n**3 - 3*n - 1 + 3*n**3 + 5*n. What is x(1)?
14
Let n be 0 - (-4)/(2 - 0). Suppose -4*u + 27 = -5*q + 2*q, 5*u = -q + 10. Let c(a) = -a**u - 2 - 1 - a**2 + 4*a + 4*a**n + a. Give c(4).
1
Suppose v - 12 = 2*w, -4*v - 17*w + 18*w = -34. Let q(n) = -n**2 + 8*n + 2. Give q(v).
2
Let y(r) = -6*r + 1. Let t = 514 + -518. Determine y(t).
25
Let z(h) = -2*h**2 + 2*h + 3. Suppose 2*b = 3*b - 5, -w + 3*b - 13 = 0. Suppose 11 = w*x + 3*a, -2*x = 7*a - 3*a - 16. Calculate z(x).
-9
Let h = -845 - -846. Let k(l) = 13*l - 1. Give k(h).
12
Let v(p) = p**2 - p - 5. Let y(j) = 1. Let r(i) = v(i) + 5*y(i). Let k(o) = 2*o - 2. Let n be k(16). Let x = n - 31. Determine r(x).
2
Let i(z) be the second derivative of 5*z**4/6 - z**3/3 - 7*z**2/2 - z - 42. Let s(d) = -3*d**2 + d + 2. Let l(n) = -2*i(n) - 7*s(n). Calculate l(4).
4
Suppose 3*m = 14*m. Let v(a) = -a**3 - 3. Give v(m).
-3
Let n(b) = -4*b**2 - 1. Let t(a) = -a**2 - 11*a - 2. Let z be t(-11). Calculate n(z).
-17
Let i be (-36)/(-63) - (-6)/14. Let w be 7 - 4 - (i + -2). Let s(f) = -w*f**2 + 0*f**3 + 3 - f**3 + 0 - 4 - 3*f. Calculate s(-3).
-1
Let p(j) = j + 12. Let y(m) = 38*m - 54. Let a be y(1). What is p(a)?
-4
Let q(r) = r - 10. Let v(a) = -a**2 - 11*a - 3. Let j be v(-9). Let h(t) = t**3 - 16*t**2 + 16*t - 7. Let w be h(j). What is q(w)?
-2
Suppose w + 5 = 3*a - 12, 3*a - 3*w = 27. Let z(g) = -g. What is z(a)?
-4
Let p(o) = 10*o - 54. Let i(w) = -w + 6. Let j(v) = 36*i(v) + 4*p(v). Determine j(-2).
-8
Let o(g) be the third derivative of g**5/60 + g**4/8 + g**3/2 + 12*g**2. Let i be (-1)/((-10)/6 + 2). Calculate o(i).
3
Suppose -k + 4 = k. Suppose -s = -k*s + 6. Let h(l) be the first derivative of -l**3/3 + 4*l**2 - 7*l + 13. Give h(s).
5
Let n = 2 + 0. Let l(i) = i**2 + 1 - 5*i - 4*i - 8*i + 18*i. Give l(n).
7
Let f(n) be the third derivative of n**6/120 + n**5/20 - n**4/24 - n**3/2 + 114*n**2. Let m = -5 + 5. Let u be ((-8)/(-6) + m)*-3. Determine f(u).
-15
Let a(y) = -y - 4. Let d(k) = -5*k - 15. Let v(u) = 4*a(u) - d(u). Give v(7).
6
Suppose 6*f - 2*f = 4. Let h(d) be the first derivative of -d**